, what is -111 - 112223223?
-112230000
In base 3, what is -211 + -1212221201?
-1212222112
In base 15, what is -3b0a - -38?
-3ac2
In base 9, what is -4 + 147677?
147673
In base 9, what is -5 + 331341?
331335
In base 9, what is 127317 - -2?
127320
In base 13, what is -48a090 - -1?
-48a08c
In base 16, what is -1 + 1cca?
1cc9
In base 13, what is 1c8 + -2cba?
-2ac2
In base 15, what is -1a93 + -c?
-1aa0
In base 9, what is 60238 - -3?
60242
In base 5, what is -110420000 + 1?
-110414444
In base 7, what is 31212 + -60?
31122
In base 14, what is 2c23 + 2?
2c25
In base 2, what is 1101010110 + -111010?
1100011100
In base 6, what is -2 - -224?
222
In base 4, what is -1101213 - 20000?
-1121213
In base 3, what is 2120211202122 - 1?
2120211202121
In base 6, what is -5 + -1302005?
-1302014
In base 8, what is -41451 - 361?
-42032
In base 15, what is -25e8 + -9?
-2602
In base 4, what is 112220220 + 10?
112220230
In base 8, what is -2 - 3013?
-3015
In base 11, what is a - 2039?
-202a
In base 13, what is 30b4 - 21?
3093
In base 15, what is -6a8 - -9a?
-60d
In base 4, what is 323210210 - -30?
323210300
In base 12, what is 112 + -123?
-11
In base 16, what is e - 33c7?
-33b9
In base 8, what is 1 + -46436?
-46435
In base 8, what is 250124 + -4?
250120
In base 3, what is -112021221 + -1201?
-112100122
In base 4, what is -100331333 + -103?
-100332102
In base 3, what is -10 - 220022210?
-220022220
In base 3, what is 2122101 - -1101?
2200202
In base 10, what is -59 - 2237?
-2296
In base 3, what is 112 + 1200110020?
1200110202
In base 6, what is 2230 + 53?
2323
In base 9, what is -2020 + 86?
-1823
In base 13, what is b55 + a?
b62
In base 14, what is 1 + -1352?
-1351
In base 15, what is 1049 + -2?
1047
In base 10, what is -4 + -6839?
-6843
In base 13, what is 76382 + -4?
7637b
In base 9, what is 102 - 16334?
-16232
In base 8, what is 2351 + 40?
2411
In base 10, what is -27130 + -3?
-27133
In base 15, what is 11a + 76?
191
In base 12, what is 11293 + 2?
11295
In base 16, what is 48f + 4?
493
In base 14, what is c - 159?
-14b
In base 8, what is -21673 - 15?
-21710
In base 13, what is -3 - -a679?
a676
In base 6, what is -240421 - 2?
-240423
In base 6, what is -5 + 104530?
104521
In base 13, what is 60b4 + -8?
60a9
In base 16, what is 2a + -c7bd?
-c793
In base 11, what is 37363 - 4?
3735a
In base 7, what is 26416255 + -3?
26416252
In base 8, what is -5 - -16030?
16023
In base 11, what is -18 + 477?
45a
In base 9, what is 3384 + -183?
3201
In base 14, what is 762b - -1?
762c
In base 5, what is -4 - -224023?
224014
In base 3, what is -20121 - 11001112?
-11022010
In base 10, what is -510400 + 5?
-510395
In base 10, what is 5 - 206926?
-206921
In base 4, what is 12130 + -221230?
-203100
In base 2, what is -11011100010001 + -1011?
-11011100011100
In base 2, what is -1111010010100111 - -1111?
-1111010010011000
In base 7, what is 3 + -151112?
-151106
In base 7, what is -3031605 + 0?
-3031605
In base 15, what is -6 - -40e9e?
40e98
In base 6, what is 3541040 + -2?
3541034
In base 9, what is 253 - 461?
-207
In base 8, what is -6 + 17250?
17242
In base 7, what is 15320 - 2363?
12624
In base 12, what is 813 - 135?
69a
In base 11, what is 14549 + -48?
14501
In base 3, what is 11 - -1000210101?
1000210112
In base 10, what is 129 - -49?
178
In base 7, what is -42233 + -6?
-42242
In base 11, what is -2 - 1136?
-1138
In base 9, what is -33 - 11546?
-11580
In base 6, what is -453 - 100045?
-100542
In base 15, what is 2 + 2e890?
2e892
In base 10, what is 1374 + -19?
1355
In base 15, what is 7ea + b?
806
In base 14, what is 2a44 - 141?
2903
In base 4, what is 210 - -130311?
131121
In base 14, what is -2aa + -97?
-363
In base 9, what is 45823 + 132?
46055
In base 11, what is 87405 - -78?
87482
In base 15, what is -7 - c1abc?
-c1ac4
In base 9, what is -1450 + 21?
-1428
In base 15, what is 0 + cd57?
cd57
In base 13, what is 328 + -316?
12
In base 2, what is 101 - 1010101111101010?
-1010101111100101
In base 2, what is -1011011000 + 111111100?
-11011100
In base 6, what is -22210 + -100?
-22310
In base 8, what is -3225626 + -5?
-3225633
In base 8, what is 262 - -11007?
11271
In base 15, what is 61813 - 1?
61812
In base 3, what is -1000220 + 1221?
-221222
In base 15, what is -4b - -74?
28
In base 4, what is -2003 - 12320?
-20323
In base 10, what is 35 + -2479?
-2444
In base 8, what is -3 - -147226?
147223
In base 11, what is a010 + 16?
a026
In base 11, what is 37 - 1342?
-1306
In base 2, what is -10011100000100100111 + -101?
-10011100000100101100
In base 2, what is -1110 - 110100001110?
-110100011100
In base 5, what is 44331033 - 1?
44331032
In base 11, what is -2 - -554153?
554151
In base 13, what is 2 - 51b0?
-51ab
In base 11, what is -11 + 24589?
24578
In base 15, what is 11c - 87?
85
In base 15, what is -58 + 4521?
44b8
In base 15, what is 19e7 + -3?
19e4
In base 2, what is 100000101011110 - 1101000?
100000011110110
In base 6, what is -34355210 - -2?
-34355204
In base 13, what is 1a3b - -111?
1b4c
In base 14, what is 81a - -364?
b80
In base 4, what is 1 + 2033303?
2033310
In base 11, what is -17a095 + -1?
-17a096
In base 9, what is -8 - -20745?
20736
In base 4, what is 1203210 - -1200?
1211010
In base 6, what is -21330 + -55?
-21425
In base 10, what is -186 + 426?
240
In base 5, what is 3 + 340003442?
340004000
In base 8, what is 41 + -15564?
-15523
In base 12, what is 1078 + 573?
162b
In base 2, what is 101010001 + -10110100101?
-10001010100
In base 14, what is -64 - -b48?
ac4
In base 6, what is 2 - -552333?
552335
In base 12, what is 5 + -17568?
-17563
In base 6, what is -33021 + -23?
-33044
In base 14, what is -3 - 2c0c1?
-2c0c4
In base 12, what is 77 + b2?
169
In base 16, what is -1ba + -fab?
-1165
In base 6, what is -1 + 4414034?
4414033
In base 8, what is -525 + 201?
-324
In base 2, what is 1001111 + -1000110?
1001
In base 13, what is -3 - 2020c6?
-2020c9
In base 9, what is -313 - 3565?
-3878
In base 8, what is -1033677 + -5?
-1033704
In base 15, what is 98d6 + 23?
9909
In base 7, what is 4 - 51?
-44
In base 16, what is -ec943 + -2?
-ec945
In base 12, what is -2 + 589b8?
589b6
In base 13, what is 5 - -2b2b6?
2b2bb
In base 15, what is 0 + -10608?
-10608
In base 15, what is -628 - -c5?
-553
In base 12, what is 3 + -79531?
-7952a
In base 12, what is -2 - 105767?
-105769
In base 14, what is 3 + -1a60d?
-1a60a
In base 11, what is 200 - -70?
270
In base 15, what is 2769 + e6?
2860
In base 10, what is -9362 - -7?
-9355
In base 13, what is -6 + 1ba94?
1ba8b
In base 10, what is -3825 - 456?
-4281
In base 10, what is -6 + 8949?
8943
In base 10, what is 7 + 6073?
6080
In base 16, what is -3 + e476?
e473
In base 14, what is -15d + -125?
-284
In base 3, what is -20 + -1210001121?
-1210001211
In base 16, what is -dc - 1ce?
-2aa
In base 16, what is 2d19 - -23?
2d3c
In base 11, what is -34 + -3542?
-3576
In base 9, what is -13077 + -22?
-13110
In base 5, what is 3 + -34312402?
-34312344
In base 14, what is -24 - 9343?
-9367
In base 3, what is -20 - 110011020112?
-110011020202
In base 3, what is -2112110 + 10?
-2112100
In base 9, what is -5 + -6045?
-6051
In base 3, what is 102110010 + 1001?
102111011
In base 4, what is 10131 - -31?
10222
In base 9, what is -10 - 41440?
-41450
In base 12, what is -951 + -277?
-1008
In base 2, what is -10 - -11101100000001?
11101011111111
In base 8, what is 51 + -3557?
-3506
In base 14, what is -1 - -26d06?
26d05
In base 7, what is -66553 + 55?
-66465
In base 8, what is -270 + -524?
-1014
In base 16, what is -1b - 2330?
-234b
In base 11, what is 51 - -5597?
5638
In base 9, what is -54502 - -3?
-54488
In base 8, what is 0 - 32663?
-32663
In base 3, what is 200 - 211021?
-210121
In base 4, what is -312 - 10020?
-10332
In base 7, what is 110 - -12455?
12565
In base 9, what is -71 + 3526?
3445
In base 12, what is 21131 - 1?
21130
In base 9, what is -5 - -762?
756
In base 7, what is 14 + 206114?
206131
In base 14, what is -4 + 393?
38d
In base 8, what is -33372 - -6?
-33364
In base 10, what is -7202 - -3?
-7199
In base 6, what is 5 + 20554?
21003
In base 14, what is -4801 - -111?
-46d0
In base 15, what is -1 + bb920?
bb91e
In base 10, what is 1 + -19461?
-19460
In base 7, what is 20245 - 444?
16501
In base 11, what is 3363 - 0?
3363
In base 11, what is 2 - 1292?
-1290
In base 12